{"id":2,"date":"2016-05-10T03:48:21","date_gmt":"2016-05-10T03:48:21","guid":{"rendered":"http:\/\/nordicpetcom.se\/?page_id=2"},"modified":"2025-10-07T15:00:44","modified_gmt":"2025-10-07T15:00:44","slug":"sample-page","status":"publish","type":"page","link":"https:\/\/nordicpetcom.se\/","title":{"rendered":"Klondike Store"},"content":{"rendered":"<p>Nedan ett axplock av de produkter\/f\u00f6rem\u00e5l som vi kan erbjuda dig. I f\u00f6rsta hand har vi fokus p\u00e5 <strong>GULDMYNT<\/strong>, <strong>KLOCKOR<\/strong> (vintage, guld), men \u00e4ven andra intressanta f\u00f6rem\u00e5l kan bli aktuella!<\/p>\n<div id=\"metaslider-id-207\" style=\"width: 100%; margin: 0 auto;\" class=\"ml-slider-3-19-0 metaslider metaslider-flex metaslider-207 ml-slider ms-theme-simply-dark has-carousel-mode has-dots-nav\">\n    <div id=\"metaslider_container_207\">\n        <div id=\"metaslider_207\" class=\"flexslider\">\n            <ul aria-live=\"polite\" class=\"slides\">\n                <li style=\"display: none; width: 100%;\" class=\"slide-273 ms-image\"><img loading=\"lazy\" decoding=\"async\" src=\"https:\/\/nordicpetcom.se\/wp-content\/uploads\/2020\/11\/1873-fram-scaled-400x400.jpg\" height=\"400\" width=\"400\" alt=\"\" class=\"slider-207 slide-273\" title=\"1873 fram\" \/><div class=\"caption-wrap\"><div class=\"caption\">Framsida Oscar II 1873<\/div><\/div><\/li>\n                <li style=\"display: none; width: 100%;\" class=\"slide-274 ms-image\"><img loading=\"lazy\" decoding=\"async\" src=\"https:\/\/nordicpetcom.se\/wp-content\/uploads\/2020\/11\/1874-framJPG-400x400.jpg\" height=\"400\" width=\"400\" alt=\"\" class=\"slider-207 slide-274\" title=\"1874 framJPG\" \/><div class=\"caption-wrap\"><div class=\"caption\">Framsida Oscar II 1874<\/div><\/div><\/li>\n                <li style=\"display: none; width: 100%;\" class=\"slide-275 ms-image\"><img loading=\"lazy\" decoding=\"async\" src=\"https:\/\/nordicpetcom.se\/wp-content\/uploads\/2020\/11\/1875-fram-400x400.jpeg\" height=\"400\" width=\"400\" alt=\"\" class=\"slider-207 slide-275\" title=\"1875 fram\" \/><div class=\"caption-wrap\"><div class=\"caption\">Framsida Oscar II 1875<\/div><\/div><\/li>\n                <li style=\"display: none; width: 100%;\" class=\"slide-276 ms-image\"><img loading=\"lazy\" decoding=\"async\" src=\"https:\/\/nordicpetcom.se\/wp-content\/uploads\/2020\/11\/1876-fram-400x400.jpg\" height=\"400\" width=\"400\" alt=\"\" class=\"slider-207 slide-276\" title=\"1876 fram\" \/><div class=\"caption-wrap\"><div class=\"caption\">Framsida Oscar II 1876<\/div><\/div><\/li>\n                <li style=\"display: none; width: 100%;\" class=\"slide-313 ms-image\"><img loading=\"lazy\" decoding=\"async\" src=\"https:\/\/nordicpetcom.se\/wp-content\/uploads\/2020\/12\/Oscar-1877-fram-400x400.jpg\" height=\"400\" width=\"400\" alt=\"\" class=\"slider-207 slide-313\" title=\"Oscar 1877 - fram\" \/><div class=\"caption-wrap\"><div class=\"caption\">Framsida Oscar II 1877 MS63<\/div><\/div><\/li>\n                <li style=\"display: none; width: 100%;\" class=\"slide-277 ms-image\"><img loading=\"lazy\" decoding=\"async\" src=\"https:\/\/nordicpetcom.se\/wp-content\/uploads\/2020\/11\/1880-fram-400x400.jpeg\" height=\"400\" width=\"400\" alt=\"\" class=\"slider-207 slide-277\" title=\"1880 fram\" \/><div class=\"caption-wrap\"><div class=\"caption\">Framsida Oscar II 1880<\/div><\/div><\/li>\n                <li style=\"display: none; width: 100%;\" class=\"slide-278 ms-image\"><img loading=\"lazy\" decoding=\"async\" src=\"https:\/\/nordicpetcom.se\/wp-content\/uploads\/2020\/11\/1881-fram-1-400x400.jpeg\" height=\"400\" width=\"400\" alt=\"\" class=\"slider-207 slide-278\" title=\"1881 fram (1)\" \/><div class=\"caption-wrap\"><div class=\"caption\">Framsida Oscar II 1881 MS67<\/div><\/div><\/li>\n                <li style=\"display: none; width: 100%;\" class=\"slide-319 ms-image\"><img loading=\"lazy\" decoding=\"async\" src=\"https:\/\/nordicpetcom.se\/wp-content\/uploads\/2020\/12\/Oscar-II-1881-framsida-e1606903084480-400x400.jpg\" height=\"400\" width=\"400\" alt=\"\" class=\"slider-207 slide-319\" title=\"Oscar II 1881-framsida\" \/><div class=\"caption-wrap\"><div class=\"caption\">Framsida Oscar II 1881 MS64<\/div><\/div><\/li>\n                <li style=\"display: none; width: 100%;\" class=\"slide-318 ms-image\"><img loading=\"lazy\" decoding=\"async\" src=\"https:\/\/nordicpetcom.se\/wp-content\/uploads\/2020\/12\/Oscar-II-1885-framsida-e1606903111605-400x400.jpg\" height=\"400\" width=\"400\" alt=\"\" class=\"slider-207 slide-318\" title=\"Oscar II 1885-framsida\" \/><div class=\"caption-wrap\"><div class=\"caption\">Framsida Oscar II 1885 - L\u00e4gst upplaga av alla \u00e5rg\u00e5ngar MS65<\/div><\/div><\/li>\n                <li style=\"display: none; width: 100%;\" class=\"slide-279 ms-image\"><img loading=\"lazy\" decoding=\"async\" src=\"https:\/\/nordicpetcom.se\/wp-content\/uploads\/2020\/11\/1890-fram-400x400.jpeg\" height=\"400\" width=\"400\" alt=\"\" class=\"slider-207 slide-279\" title=\"1890 fram\" \/><div class=\"caption-wrap\"><div class=\"caption\">Framsida Oscar II 1890<\/div><\/div><\/li>\n                <li style=\"display: none; width: 100%;\" class=\"slide-280 ms-image\"><img loading=\"lazy\" decoding=\"async\" src=\"https:\/\/nordicpetcom.se\/wp-content\/uploads\/2020\/11\/1899-fram-400x400.jpeg\" height=\"400\" width=\"400\" alt=\"\" class=\"slider-207 slide-280\" title=\"1899 fram\" \/><div class=\"caption-wrap\"><div class=\"caption\">Framsida Oscar II 1899<\/div><\/div><\/li>\n            <\/ul>\n        <\/div>\n        \n    <\/div>\n<\/div>\n","protected":false},"excerpt":{"rendered":"<p>Nedan ett axplock av de produkter\/f\u00f6rem\u00e5l som vi kan erbjuda dig. I f\u00f6rsta hand har vi fokus p\u00e5 GULDMYNT, KLOCKOR (vintage, guld), men \u00e4ven andra intressanta f\u00f6rem\u00e5l kan bli aktuella!<\/p>\n","protected":false},"author":1,"featured_media":0,"parent":0,"menu_order":0,"comment_status":"closed","ping_status":"open","template":"","meta":{"footnotes":""},"class_list":["post-2","page","type-page","status-publish","hentry"],"_links":{"self":[{"href":"https:\/\/nordicpetcom.se\/index.php?rest_route=\/wp\/v2\/pages\/2","targetHints":{"allow":["GET"]}}],"collection":[{"href":"https:\/\/nordicpetcom.se\/index.php?rest_route=\/wp\/v2\/pages"}],"about":[{"href":"https:\/\/nordicpetcom.se\/index.php?rest_route=\/wp\/v2\/types\/page"}],"author":[{"embeddable":true,"href":"https:\/\/nordicpetcom.se\/index.php?rest_route=\/wp\/v2\/users\/1"}],"replies":[{"embeddable":true,"href":"https:\/\/nordicpetcom.se\/index.php?rest_route=%2Fwp%2Fv2%2Fcomments&post=2"}],"version-history":[{"count":16,"href":"https:\/\/nordicpetcom.se\/index.php?rest_route=\/wp\/v2\/pages\/2\/revisions"}],"predecessor-version":[{"id":286,"href":"https:\/\/nordicpetcom.se\/index.php?rest_route=\/wp\/v2\/pages\/2\/revisions\/286"}],"wp:attachment":[{"href":"https:\/\/nordicpetcom.se\/index.php?rest_route=%2Fwp%2Fv2%2Fmedia&parent=2"}],"curies":[{"name":"wp","href":"https:\/\/api.w.org\/{rel}","templated":true}]}}